3
-420 (base 13) to base 16
-2be
What is -22113 (base 4) in base 15?
-2e3
What is -11120 (base 5) in base 7?
-2201
What is 145314 (base 6) in base 15?
42dd
What is 5618 (base 15) in base 11?
1278a
-1101111100 (base 3) to base 10
-27333
141220 (base 8) to base 15
eb58
What is 3b6 (base 14) in base 13?
457
64a8 (base 13) to base 5
421441
Convert -6546 (base 11) to base 3.
-102212001
Convert 13023 (base 7) to base 14.
1383
Convert 8701 (base 9) to base 3.
22210001
953f (base 16) to base 4
21110333
Convert -1aa8 (base 11) to base 5.
-41114
What is 388 (base 16) in base 7?
2431
What is 154a (base 12) in base 4?
213022
Convert -40028 (base 10) to base 6.
-505152
What is 403 (base 11) in base 3?
200001
What is -100011100010011 (base 2) in base 4?
-10130103
191c7 (base 13) to base 5
3024131
Convert 1012002 (base 3) to base 14.
45c
What is 20004 (base 7) in base 11?
367a
Convert 53112 (base 6) to base 7.
26624
-3122 (base 6) to base 13
-419
What is 150 (base 9) in base 16?
7e
What is -224110 (base 5) in base 6?
-101102
-523 (base 8) to base 5
-2324
Convert 15122 (base 8) to base 13.
30b4
1814 (base 14) to base 5
114310
Convert -1101010000111 (base 2) to base 11.
-5114
What is 741 (base 11) in base 13?
538
What is -1023420 (base 5) in base 14?
-6480
What is 101001001001 (base 2) in base 11?
1a84
Convert 211252 (base 7) to base 9.
55047
What is -20433 (base 13) in base 10?
-57840
What is -91 (base 13) in base 15?
-7d
Convert -342 (base 7) to base 12.
-129
13403 (base 8) to base 2
1011100000011
What is -64b9 (base 13) in base 2?
-11011010111010
Convert 30 (base 6) to base 8.
22
Convert 2203 (base 5) to base 14.
179
-115 (base 8) to base 12
-65
What is -100111201 (base 3) in base 7?
-26131
What is -4e33 (base 15) in base 7?
-66453
11c22 (base 13) to base 12
16ba6
2146 (base 7) to base 13
472
What is 2100111 (base 3) in base 16?
6b2
Convert -60 (base 10) to base 3.
-2020
Convert -10410 (base 5) to base 13.
-442
What is -12b4 (base 14) in base 6?
-23130
What is 12c2b (base 14) in base 3?
2100111122
Convert 20133 (base 5) to base 9.
1686
What is -1156 (base 9) in base 5?
-11421
Convert 303 (base 8) to base 13.
120
What is 296a (base 11) in base 14?
1575
What is -1927a (base 13) in base 14?
-13abb
What is -271a (base 15) in base 14?
-3086
What is 997 (base 16) in base 15?
ada
What is 135010 (base 6) in base 10?
12750
-30033312 (base 4) to base 7
-266154
What is -41044 (base 6) in base 9?
-7401
Convert 210 (base 10) to base 15.
e0
Convert -2134 (base 5) to base 6.
-1210
What is -474 (base 13) in base 9?
-1046
Convert 13012 (base 4) to base 8.
706
3524 (base 13) to base 14
2a14
-1100100110100110 (base 2) to base 9
-77727
-562a (base 12) to base 16
-2542
Convert 4235 (base 9) to base 2.
110000100110
Convert 6440 (base 10) to base 3.
22211112
What is -494d (base 14) in base 6?
-135145
Convert b56 (base 13) to base 14.
9bc
What is 11149 (base 14) in base 12?
1bb79
What is -366 (base 16) in base 5?
-11440
Convert -333121 (base 4) to base 10.
-4057
What is -943 (base 10) in base 15?
-42d
-1461 (base 12) to base 6
-15001
Convert 204 (base 12) to base 7.
565
Convert -11306 (base 9) to base 11.
-5734
What is 420 (base 7) in base 8?
322
201102022 (base 3) to base 9
21368
What is 1eb9 (base 15) in base 5?
203244
Convert 6b2 (base 15) to base 13.
8c9
What is 313445 (base 6) in base 13?
b774
Convert -24545 (base 7) to base 16.
-1934
1001110110 (base 2) to base 10
630
2672 (base 9) to base 11
1567
What is -445 (base 6) in base 8?
-255
What is 894 (base 11) in base 5?
13241
Convert -13011 (base 4) to base 10.
-453
-7122 (base 9) to base 7
-21113
751 (base 10) to base 3
1000211
1101010101 (base 2) to base 8
1525
Convert 10111122 (base 4) to base 9.
26316
101012012 (base 4) to base 12
34632
Convert -2133 (base 10) to base 14.
-ac5
What is -43203 (base 6) in base 15?
-1b3c
-1d1 (base 15) to base 13
-265
What is -100111010011 (base 2) in base 8?
-4723
Convert 131130 (base 4) to base 5.
30014
What is 235 (base 13) in base 11?
318
What is -1000000111010111 (base 2) in base 9?
-50532
What is -10020 (base 7) in base 13?
-113a
What is -1457 (base 10) in base 8?
-2661
-9536 (base 10) to base 15
-2c5b
-10002021100 (base 3) to base 4
-32310201
What is -163bc (base 13) in base 6?
-524153
Convert 1342 (base 6) to base 12.
252
What is 332 (base 9) in base 14?
156
104422 (base 5) to base 13
1916
24123 (base 7) to base 13
2ac0
Convert -20485 (base 10) to base 15.
-610a
Convert -16bb (base 16) to base 11.
-4410
501 (base 11) to base 14
314
Convert 2908 (base 11) to base 16.
eaf
What is 46aa (base 13) in base 12?
5906
Convert -10043 (base 6) to base 9.
-1730
-1110212 (base 4) to base 5
-133124
-212111 (base 3) to base 15
-2c4
Convert 1102424 (base 5) to base 9.
28187
What is -10471 (base 13) in base 12?
-14b81
8683 (base 9) to base 15
1d63
Convert 67d (base 14) to base 12.
8b3
Convert 1ab50 (base 13) to base 11.
36457
What is -26c (base 16) in base 2?
-1001101100
Convert -33a7 (base 12) to base 16.
-166f
Convert -3438 (base 11) to base 8.
-10646
Convert 3173 (base 8) to base 13.
9a8
What is 23162 (base 10) in base 6?
255122
-64d (base 14) to base 6
-5433
1ed6 (base 16) to base 11
5a27
What is 1390 (base 16) in base 7?
20413
1313233 (base 4) to base 10
7663
What is 3001 (base 5) in base 10?
376
-12132 (base 12) to base 5
-1234444
121141 (base 5) to base 14
192a
Convert 231b (base 13) to base 14.
1b1b
Convert -168b (base 16) to base 8.
-13213
What is -a265 (base 12) in base 8?
-42355
22333 (base 5) to base 14
81b
-24554 (base 10) to base 12
-12262
What is -1c6 (base 16) in base 4?
-13012
What is 435 (base 7) in base 9?
266
Convert 169 (base 12) to base 10.
225
Convert -1011111000 (base 2) to base 3.
-1001011
What is -110114 (base 5) in base 2?
-111011001000
-61d (base 14) to base 10
-1203
Convert 868 (base 10) to base 8.
1544
Convert -1455 (base 12) to base 9.
-3222
What is a4b7 (base 16) in base 2?
1010010010110111
Convert -2041 (base 7) to base 6.
-3151
Convert 4316 (base 11) to base 16.
1648
Convert -e46 (base 15) to base 7.
-12243
122110 (base 3) to base 8
727
Convert 15465 (base 7) to base 14.
1835
What is -410 (base 7) in base 4?
-3023
-5663 (base 7) to base 11
-15a8
What is 10320 (base 5) in base 14?
38a
Convert 1149 (base 11) to base 13.
8ba
11333 (base 4) to base 16
17f
Convert -105 (base 13) to base 4.
-2232
Convert -142e (base 15) to base 13.
-1c73
Convert 152e (base 16) to base 4.
1110232
Convert 1203401 (base 5) to base 10.
22351
-12c96 (base 14) to base 5
-2441023
Convert -2352 (base 12) to base 14.
-1622
Convert -5bb (base 13) to base 10.
-999
Convert -72 (base 12) to base 5.
-321
Convert -1152 (base 7) to base 6.
-1553
2a2 (base 16) to base 14
362
-21f (base 16) to base 15
-263
What is 235522 (base 6) in base 10?
20714
21112 (base 7) to base 4
1101103
What is -443 (base 5) in base 13?
-96
What is 66a (base 14) in base 7?
3463
-15035 (base 8) to base 14
-2617
Convert 1035 (base 8) to base 10.
541
What is 33146 (base 7) in base 10?
8315
92 (base 11) to base 6
245
What is 1112 (base 6) in base 11?
217
Convert -16995 (base 11) to base 2.
-101110100001100
Convert -7a9 (base 16) to base 15.
-8ab
What is -1001010100111 (base 2) in base 10?
-4775
-20110 (base 6) to base 16
-a4a
-25140 (base 7) to base 15
-1e49
What is -228 (base 14) in base 9?
-525
What is -56062 (base 7) in base 10?
-14107
What is -907 (base 15) in base 6?
-13224
Convert -100101 (base 3) to base 10.
-253
Convert 120203 (base 4) to base 8.
3043
Convert 159 (base 10) to base 12.
113
-11101 (base 7) to base 9
-3744
-90 (base 16) to base 7
-264
Convert -100100010 (base 2) to base 12.
-202
What is -5d2 (base 14) in base 11?
-969
Convert 1411 (base 12) to base 13.
1093
What is -617 (base 10) in base 15?
-2b2
370 (base 16) to base 5
12010
Convert 1399c (base 13) to base 16.
8fc2
Convert -2924 (base 10) to base 7.
-11345
What is 211100122 (base 3) in base 12?
9522
What is -1c8d6 (base 15) in base 9?
-151663
-232 (base 12) to base 6
-1302
Convert 2987 (base 15) to base 7.
34645
-1111001101 (base 2) to base 15
-44d
-951 (base 16) to base 12
-1469
-10313 (base 5) to base 14
-388
What is -17c5 (base 15) in base 5?
-131020
Convert 23513 (base 6) to base 12.
1b99
-3ad (base 15) to base 14
-43c
-b8 (base 12) to base 4
-2030
What i